 be (-16)/j*195/(-20). What is the greatest common factor of o and k?
13
Let k = 53 - 56. Let x be (-10 - -6) + (-102)/k. What is the highest common factor of x and 20?
10
Suppose -3*f = -0*f + 126. Let y = f + 84. Calculate the greatest common divisor of 105 and y.
21
Suppose -2*k + 29 = 5. Suppose 2*f - 16 - k = 0. Calculate the greatest common factor of f and 70.
14
Suppose -10*f - 127 + 497 = 0. What is the highest common factor of f and 2405?
37
Let c(j) = j**2 - 46*j - 629. Let v be c(-12). Calculate the greatest common divisor of 2144 and v.
67
Let b be 1/(-3*(-4)/48). Suppose 0*c = -2*c + 4. Suppose c*v + 3*v = -b*q + 410, -q - v + 103 = 0. Calculate the highest common divisor of q and 42.
21
Let z be (-5 + 2 - 1) + 246. Suppose 5*q - z = 23. What is the highest common factor of q and 424?
53
Suppose -12*n = -7*n - 210. Let u = -1011 - -1039. Calculate the greatest common divisor of n and u.
14
Suppose y - w = 6*y - 7, -5*w = -4*y + 23. Suppose 176 = -y*s + 3*s. Calculate the greatest common divisor of 16 and s.
16
Let v be (-20)/(-24) + (-2)/(-12). Let h = -158 - -146. Let o be v/(-2)*4 - h. What is the highest common divisor of 10 and o?
10
Suppose -2*l + 8*q = 4*q - 286, -3*q = -5*l + 694. Let c = l - 104. Suppose y + 44 = 5*y. Calculate the highest common divisor of c and y.
11
Suppose 2*a = 3*a - 4*c + 12, 9 = 3*a + 3*c. Suppose 0 = -a*i - 4*i - 32. Let g(r) = -16*r - 8. Let w be g(i). What is the highest common divisor of 12 and w?
12
Let m(n) = -n - 5. Let o be m(0). Let z = 1 - o. Let i(c) = -c**2 - c + 6. Let v be i(0). Calculate the greatest common divisor of z and v.
6
Let b = -110 - -108. Let g be -3 - (-630)/b*-2. Calculate the highest common divisor of g and 57.
57
Let h be -445*1*(-72)/90. Let a be h/12 + 1/(-2 - -5). What is the highest common divisor of 15 and a?
15
Let g(m) = -4*m + 33. Let b be g(6). What is the highest common factor of b and 225?
9
Let h be 46 + -1*(0 - -1). Suppose 8*i - 176 = 88. Let w = i - 18. Calculate the highest common factor of w and h.
15
Let h = 107 + -102. Suppose 3*z - 16 = -g, g - h*z + 0*z - 16 = 0. Calculate the highest common factor of g and 20.
4
Suppose 6 = -58*t + 57*t. Let s be (16/t)/(1*14/(-21)). Calculate the greatest common factor of 36 and s.
4
Suppose 0 = 4*r + 3*h - 42, 0 = -2*h + 6*h + 8. Calculate the highest common divisor of 8 and r.
4
Suppose -3*w - 288 = -35*w. Let j be 0 + 2*(-2)/(-2). Let c(t) = 17*t + 2. Let g be c(j). What is the highest common factor of g and w?
9
Let i be 139/3 + (-4 - (-33)/9). What is the highest common divisor of 46 and i?
46
Let u be (-8)/(-52) - 185/(-65). Let q be (3/(-1))/u + 16. Suppose 0 = -3*l - l + 12. Calculate the highest common divisor of q and l.
3
Let h(g) = g**3 - 14*g**2 + 12*g + 17. Let c = 73 - 60. Let b be h(c). Calculate the greatest common factor of 12 and b.
4
Suppose -2*b + 278 = 2*c + c, 5*b + 250 = 3*c. Suppose -12*l - 486 = -606. Calculate the highest common divisor of l and c.
10
Let j = 566 - 534. Let z be 18/4 + (-2)/4. What is the greatest common factor of z and j?
4
Let b(p) = 47*p + 244. Let d be b(-4). What is the highest common divisor of d and 630?
14
Let n be 5/1 + 0 + -1. Let l = 0 + 0. Suppose n*x + 16 = l, 4*x + 6 = 2*z - 44. Calculate the greatest common factor of z and 102.
17
Let u be ((-176)/(-10))/(-12 - (-305)/25). What is the highest common divisor of u and 120?
8
Let q = -464 + 484. Let m = 3 + 0. Suppose 240 = m*r - r. What is the greatest common factor of r and q?
20
Let u(r) be the second derivative of 5*r**3/3 - 16*r**2 - 15*r. Let q be u(12). Calculate the highest common divisor of 11 and q.
11
Suppose -b = -0*b - 4*t + 5, -15 = -2*b + 3*t. Suppose -b*x = -11*x - 4. Calculate the greatest common divisor of 11 and x.
1
Suppose -9*b + 200 = -88. What is the greatest common factor of b and 40?
8
Suppose 0 = 7*f - 0*f. Suppose f*v + 2*v = t - 29, 4*t = -3*v + 160. Calculate the greatest common divisor of 148 and t.
37
Suppose 425 = -7*x + 453. What is the highest common factor of 92 and x?
4
Let q(y) = y**3 + y**2 - y + 489. Let t be q(0). What is the highest common factor of 3 and t?
3
Suppose 8*b = 4*b + 160. Suppose -7249 = -84*x + 16271. What is the greatest common factor of b and x?
40
Suppose 6*g - 8 = 2*g. Suppose g*f = -3*f. Let h = f - -10. What is the greatest common factor of 50 and h?
10
Let r(p) = -p + 1. Let a(y) = -157*y - 8. Let v(z) = a(z) + 6*r(z). Let u be v(-1). Let s be -2*((-21)/2 + -1). Calculate the greatest common factor of s and u.
23
Let d = 4 + 29. Let r = -11 - -16. Suppose -r*u - 4*f + 12 = -43, u = 4*f + 11. What is the greatest common divisor of u and d?
11
Let u(g) = 3*g - 11. Let t be u(5). Suppose 2*c = 45 - 13. Suppose -t*i + 5*i = c. Calculate the greatest common factor of i and 8.
8
Suppose 4*b - 3 = 3*d - 9, 2*b + 4*d - 8 = 0. Let q be ((-132)/176)/((-1)/36 + b). Let g = 19 - 1. What is the highest common factor of g and q?
9
Let c = 103 - 82. What is the highest common divisor of c and 49?
7
Suppose -5*l + 1160 = 4*c, -2*l - 14 = -3*c - 501. Suppose 576 = 5*x + 4*f, 3*x + 3*f - l = x. What is the greatest common divisor of x and 14?
14
Let d(j) = j**3 - j**2 + 4*j. Let u be d(3). Let s(t) = -5*t**2 - t. Let k be s(-2). Let a = k - -63. Calculate the highest common factor of u and a.
15
Let g be 6/((-9)/6 - (-245)/154). What is the highest common divisor of g and 24?
6
Suppose 24 = r - 2*q, r + 2*r = -2*q + 56. Suppose 3*n = -0*p - p + 15, p = 3. Let w be 298/3 - n*(-5)/30. Calculate the greatest common divisor of r and w.
20
Suppose 24*k + 243 = 3*r + 27*k, 0 = -5*r + 5*k + 395. Calculate the highest common factor of r and 5.
5
Let a = 2 - -2. Suppose 0*q - 12 = -a*q. Let l = 43 + -10. Calculate the greatest common factor of l and q.
3
Suppose t = 5*p - 30, -3*p + 18 = -21*t + 23*t. Suppose -p*v = -8*v + 400. Let m be (10/(-4))/((-1)/10). What is the greatest common divisor of v and m?
25
Suppose -j - 173 + 54 = -i, 5*i - 605 = -5*j. Suppose -x - x = -i. Let v(c) = 3*c - 12. Let r be v(9). Calculate the highest common divisor of x and r.
15
Let x be (-8)/12 + 690/9. Suppose 0 = 4*g + 2 + 22. Let o be g/(-15) + (-93)/(-5). What is the highest common divisor of x and o?
19
Let n = 244 + -160. What is the greatest common divisor of 364 and n?
28
Let s = 654 + -262. What is the highest common divisor of 56 and s?
56
Let g be (-2)/(-8) + (-438)/(-8). Let q be (0 - -95) + -3 + 2. Let b = -83 + q. What is the greatest common divisor of g and b?
11
Let l = 25 - 25. Suppose 5*a + 17 = -t + 240, t - a - 247 = l. What is the highest common factor of t and 27?
27
Let z be ((-6)/4)/(3/(-4)). Suppose 0 = -2*x + 4 - z. Suppose -x = -d - 0. What is the greatest common factor of d and 7?
1
Suppose -6*w = 6 - 12. Calculate the greatest common factor of 2 and w.
1
Suppose -2*k - 4*s + 938 = -5*s, 5*k = -2*s + 2336. What is the highest common factor of 24 and k?
12
Suppose -x + 1 = -2*x. Let r = x + 3. Suppose 3*o - r*o + 18 = i, 4*i = o + 78. Calculate the highest common factor of 30 and i.
10
Let z be 4 + (-21)/6 + 85/10. What is the highest common divisor of z and 1?
1
Suppose 6*g = 7*g - 3. Suppose 0 = 3*h - g*b - 3, -4*h + 19 = b - 10. Let i be (-272)/h*(-27)/12. Calculate the greatest common divisor of i and 17.
17
Let t be 0/(-2 + (-1 - -5)). Suppose x + x - 6 = t. Calculate the greatest common divisor of 3 and x.
3
Suppose 16 = 49*k - 50*k. Let x be 4/(k/(-300))*24/9. What is the greatest common divisor of 40 and x?
40
Let g = 10 - 1. Suppose -31 = -5*q + g. Suppose 5*f - 31 = 9. What is the highest common factor of q and f?
8
Let j be 20/(-25)*((2 - 11) + -1). Let w be (12/j)/(12/(-80))*-6. Calculate the highest common factor of 15 and w.
15
Suppose 7*q - 4*q = -y + 19, 5*y - 78 = 2*q. Let h = 284 - 177. Suppose i = -5*x + 321, -2*i = 2*x - h - 23. Calculate the highest common factor of x and y.
16
Suppose -5*s - 4*k - 21 = -89, -74 = -5*s - 2*k. Calculate the highest common divisor of s and 32.
16
Let x(l) = 5*l - 2. Let m be x(6). Let r be (-1374)/(-4)*m/21. Suppose 2*s = p - 86, 0 = 5*p + s + 3*s - r. Calculate the greatest common divisor of p and 36.
18
Let k be (-219)/(-4) - (-1)/4. Let i(g) = -7*g + 4. Let l be i(-1). Suppose -5*z - l = -6*z. What is the g